{"id":4671,"date":"2024-08-23T16:38:18","date_gmt":"2024-08-23T15:38:18","guid":{"rendered":"http:\/\/judoclub-tarare.fr\/?page_id=4671"},"modified":"2025-04-02T17:38:36","modified_gmt":"2025-04-02T16:38:36","slug":"taiso","status":"publish","type":"page","link":"http:\/\/judoclub-tarare.fr\/index.php\/taiso\/","title":{"rendered":"TA\u00cfSO"},"content":{"rendered":"\t\t<div data-elementor-type=\"wp-page\" data-elementor-id=\"4671\" class=\"elementor elementor-4671\" data-elementor-settings=\"[]\">\n\t\t\t\t\t\t<div class=\"elementor-inner\">\n\t\t\t\t\t\t\t<div class=\"elementor-section-wrap\">\n\t\t\t\t\t\t\t<section class=\"elementor-section elementor-top-section elementor-element elementor-element-b087fd9 elementor-section-boxed elementor-section-height-default elementor-section-height-default\" data-id=\"b087fd9\" data-element_type=\"section\">\n\t\t\t\t\t\t<div class=\"elementor-container elementor-column-gap-default\">\n\t\t\t\t\t\t\t<div class=\"elementor-row\">\n\t\t\t\t\t<div class=\"elementor-column elementor-col-66 elementor-top-column elementor-element elementor-element-5b2d372\" data-id=\"5b2d372\" data-element_type=\"column\">\n\t\t\t<div class=\"elementor-column-wrap elementor-element-populated\">\n\t\t\t\t\t\t\t<div class=\"elementor-widget-wrap\">\n\t\t\t\t\t\t<div class=\"elementor-element elementor-element-5f30dbc elementor-widget elementor-widget-text-editor\" data-id=\"5f30dbc\" data-element_type=\"widget\" data-widget_type=\"text-editor.default\">\n\t\t\t\t<div class=\"elementor-widget-container\">\n\t\t\t\t\t\t\t\t<div class=\"elementor-text-editor elementor-clearfix\">\n\t\t\t\t<h3>UN MOYEN D&rsquo;ENTRETENIR SON CORPS<\/h3>\nEn France, le ta\u00efso a un potentiel formidable \u00e0 offrir,\u00a0<strong>\u00e0 la disposition des judoka et non judoka, des plus jeunes aux plus \u00e2g\u00e9s, pour assouplir et affermir son\u00a0corps, apaiser le mental, mieux dominer ses \u00e9motions et pr\u00e9server\u00a0ses articulations<\/strong>. Faire dispara\u00eetre les douleurs r\u00e9currentes, les raideurs, am\u00e9liorer la concentration, amener l\u2019esprit \u00e0 la qui\u00e9tude. En travaillant seul, \u00e0 deux ou en groupe le ta\u00efso vous rendra plus en forme et plus efficace. En soi, une culture orientale du corps \u00e0 notre porte, dans nos dojos.\t\t\t\t\t<\/div>\n\t\t\t\t\t\t<\/div>\n\t\t\t\t<\/div>\n\t\t\t\t\t\t<\/div>\n\t\t\t\t\t<\/div>\n\t\t<\/div>\n\t\t\t\t<div class=\"elementor-column elementor-col-33 elementor-top-column elementor-element elementor-element-e64c0c1\" data-id=\"e64c0c1\" data-element_type=\"column\">\n\t\t\t<div class=\"elementor-column-wrap elementor-element-populated\">\n\t\t\t\t\t\t\t<div class=\"elementor-widget-wrap\">\n\t\t\t\t\t\t<div class=\"elementor-element elementor-element-b098f7d elementor-widget elementor-widget-image\" data-id=\"b098f7d\" data-element_type=\"widget\" data-widget_type=\"image.default\">\n\t\t\t\t<div class=\"elementor-widget-container\">\n\t\t\t\t\t\t\t\t<div class=\"elementor-image\">\n\t\t\t\t\t\t\t\t\t\t\t\t<img decoding=\"async\" width=\"150\" height=\"150\" src=\"http:\/\/judoclub-tarare.fr\/wp-content\/uploads\/2024\/08\/taiso-150x150.png\" class=\"attachment-thumbnail size-thumbnail\" alt=\"\" loading=\"lazy\" \/>\t\t\t\t\t\t\t\t\t\t\t\t\t\t<\/div>\n\t\t\t\t\t\t<\/div>\n\t\t\t\t<\/div>\n\t\t\t\t\t\t<\/div>\n\t\t\t\t\t<\/div>\n\t\t<\/div>\n\t\t\t\t\t\t\t\t<\/div>\n\t\t\t\t\t<\/div>\n\t\t<\/section>\n\t\t\t\t<section class=\"elementor-section elementor-top-section elementor-element elementor-element-ea9180a elementor-section-boxed elementor-section-height-default elementor-section-height-default\" data-id=\"ea9180a\" data-element_type=\"section\">\n\t\t\t\t\t\t<div class=\"elementor-container elementor-column-gap-default\">\n\t\t\t\t\t\t\t<div class=\"elementor-row\">\n\t\t\t\t\t<div class=\"elementor-column elementor-col-33 elementor-top-column elementor-element elementor-element-82bfa66\" data-id=\"82bfa66\" data-element_type=\"column\">\n\t\t\t<div class=\"elementor-column-wrap elementor-element-populated\">\n\t\t\t\t\t\t\t<div class=\"elementor-widget-wrap\">\n\t\t\t\t\t\t<div class=\"elementor-element elementor-element-f6d2b03 elementor-widget elementor-widget-image\" data-id=\"f6d2b03\" data-element_type=\"widget\" data-widget_type=\"image.default\">\n\t\t\t\t<div class=\"elementor-widget-container\">\n\t\t\t\t\t\t\t\t<div class=\"elementor-image\">\n\t\t\t\t\t\t\t\t\t\t\t\t<img decoding=\"async\" width=\"1024\" height=\"768\" src=\"http:\/\/judoclub-tarare.fr\/wp-content\/uploads\/2024\/08\/cours-1-1024x768.jpg\" class=\"attachment-large size-large\" alt=\"\" loading=\"lazy\" srcset=\"http:\/\/judoclub-tarare.fr\/wp-content\/uploads\/2024\/08\/cours-1-1024x768.jpg 1024w, http:\/\/judoclub-tarare.fr\/wp-content\/uploads\/2024\/08\/cours-1-300x225.jpg 300w, http:\/\/judoclub-tarare.fr\/wp-content\/uploads\/2024\/08\/cours-1-768x576.jpg 768w, http:\/\/judoclub-tarare.fr\/wp-content\/uploads\/2024\/08\/cours-1-1536x1152.jpg 1536w, http:\/\/judoclub-tarare.fr\/wp-content\/uploads\/2024\/08\/cours-1.jpg 1600w\" sizes=\"(max-width: 1024px) 100vw, 1024px\" \/>\t\t\t\t\t\t\t\t\t\t\t\t\t\t<\/div>\n\t\t\t\t\t\t<\/div>\n\t\t\t\t<\/div>\n\t\t\t\t<div class=\"elementor-element elementor-element-2089de4 elementor-widget elementor-widget-image\" data-id=\"2089de4\" data-element_type=\"widget\" data-widget_type=\"image.default\">\n\t\t\t\t<div class=\"elementor-widget-container\">\n\t\t\t\t\t\t\t\t<div class=\"elementor-image\">\n\t\t\t\t\t\t\t\t\t\t\t\t<img decoding=\"async\" width=\"886\" height=\"356\" src=\"http:\/\/judoclub-tarare.fr\/wp-content\/uploads\/2024\/08\/des.png\" class=\"attachment-large size-large\" alt=\"\" loading=\"lazy\" srcset=\"http:\/\/judoclub-tarare.fr\/wp-content\/uploads\/2024\/08\/des.png 886w, http:\/\/judoclub-tarare.fr\/wp-content\/uploads\/2024\/08\/des-300x121.png 300w, http:\/\/judoclub-tarare.fr\/wp-content\/uploads\/2024\/08\/des-768x309.png 768w\" sizes=\"(max-width: 886px) 100vw, 886px\" \/>\t\t\t\t\t\t\t\t\t\t\t\t\t\t<\/div>\n\t\t\t\t\t\t<\/div>\n\t\t\t\t<\/div>\n\t\t\t\t\t\t<\/div>\n\t\t\t\t\t<\/div>\n\t\t<\/div>\n\t\t\t\t<div class=\"elementor-column elementor-col-66 elementor-top-column elementor-element elementor-element-a2fa759\" data-id=\"a2fa759\" data-element_type=\"column\">\n\t\t\t<div class=\"elementor-column-wrap elementor-element-populated\">\n\t\t\t\t\t\t\t<div class=\"elementor-widget-wrap\">\n\t\t\t\t\t\t<div class=\"elementor-element elementor-element-fee271b elementor-widget elementor-widget-text-editor\" data-id=\"fee271b\" data-element_type=\"widget\" data-widget_type=\"text-editor.default\">\n\t\t\t\t<div class=\"elementor-widget-container\">\n\t\t\t\t\t\t\t\t<div class=\"elementor-text-editor elementor-clearfix\">\n\t\t\t\t<h4>ENTRETIEN \/ BONNE HUMEUR \/ SENSATIONS\u00a0<\/span><\/h4>\nLe corps est votre v\u00e9hicule, offrez-lui une pratique r\u00e9guli\u00e8re con\u00e7ue pour son entretien, avec ses effets heureux sur vos ressentis quotidiens. Le ta\u00efso fait du bien\u202f! Grace \u00e0 des exercices vari\u00e9s et adapt\u00e9s aux capacit\u00e9s et aux progr\u00e8s de chacun, il vous permet d\u2019\u00eatre plus en forme, de meilleure humeur, car la t\u00eate d\u00e9pend du corps\u202f; Le fait de pratiquer et de progresser avec les autres met en avant sa dimension sociale. Offrez-vous donc \u00e0 chaque s\u00e9ance un bol de sensations positives et qui influera sur votre journ\u00e9e, votre semaine, votre vie enti\u00e8re. Gagnez en mobilit\u00e9, l\u00e2chez prise, apprenez \u00e0 respirer gr\u00e2ce au ta\u00efso.\n\n<h4>MOBILISATION MUSCULAIRE \/ \u00c9QUILIBRE PHYSIQUE ET PSYCHIQUE \/ FORME<\/h4>\n\u00c9quilibrer le corps et\u00a0l\u2019esprit face au vieillissement, se recentrer et am\u00e9liorer sa motricit\u00e9, en un mot rester, en mouvement\u2026 Le ta\u00efso est id\u00e9al pour garder la ma\u00eetrise de son corps et m\u00eame regagner en qualit\u00e9 musculaire et maintenir les bons \u00e9quilibres hormonaux. Vivre plus longtemps avec le ta\u00efso, en excellente sant\u00e9 physique, mais aussi mentale, en \u00e9loignant le risque d\u2019inflammation chronique, de maladie et de blessures :\u00a0un projet vital.\t\t\t\t\t<\/div>\n\t\t\t\t\t\t<\/div>\n\t\t\t\t<\/div>\n\t\t\t\t\t\t<\/div>\n\t\t\t\t\t<\/div>\n\t\t<\/div>\n\t\t\t\t\t\t\t\t<\/div>\n\t\t\t\t\t<\/div>\n\t\t<\/section>\n\t\t\t\t<section class=\"elementor-section elementor-top-section elementor-element elementor-element-06b3922 elementor-section-boxed elementor-section-height-default elementor-section-height-default\" data-id=\"06b3922\" data-element_type=\"section\">\n\t\t\t\t\t\t<div class=\"elementor-container elementor-column-gap-default\">\n\t\t\t\t\t\t\t<div class=\"elementor-row\">\n\t\t\t\t\t<div class=\"elementor-column elementor-col-66 elementor-top-column elementor-element elementor-element-f805a1d\" data-id=\"f805a1d\" data-element_type=\"column\">\n\t\t\t<div class=\"elementor-column-wrap elementor-element-populated\">\n\t\t\t\t\t\t\t<div class=\"elementor-widget-wrap\">\n\t\t\t\t\t\t<div class=\"elementor-element elementor-element-e67d105 elementor-widget elementor-widget-text-editor\" data-id=\"e67d105\" data-element_type=\"widget\" data-widget_type=\"text-editor.default\">\n\t\t\t\t<div class=\"elementor-widget-container\">\n\t\t\t\t\t\t\t\t<div class=\"elementor-text-editor elementor-clearfix\">\n\t\t\t\t<h4>SOURCE DE MOTIVATION \/ VITALIT\u00c9 \/ SOCIABILIT\u00c9<\/h4>\nAm\u00e9liorer l\u2019endurance cardio-respiratoire, la forme musculaire et l\u2019\u00e9tat osseux, r\u00e9duire le stress, par ses situations vari\u00e9es, adapt\u00e9es, progressives, pouvant \u00eatre ludiques, artistiques, organis\u00e9es seul, \u00e0 deux ou en groupe, le ta\u00efso offre de nombreuses possibilit\u00e9s pour promouvoir la sant\u00e9 et le bien-\u00eatre des jeunes et lutter contre la s\u00e9dentarit\u00e9. Se sentir mieux pour vivre mieux.\t\t\t\t\t<\/div>\n\t\t\t\t\t\t<\/div>\n\t\t\t\t<\/div>\n\t\t\t\t\t\t<\/div>\n\t\t\t\t\t<\/div>\n\t\t<\/div>\n\t\t\t\t<div class=\"elementor-column elementor-col-33 elementor-top-column elementor-element elementor-element-339ffb9\" data-id=\"339ffb9\" data-element_type=\"column\">\n\t\t\t<div class=\"elementor-column-wrap elementor-element-populated\">\n\t\t\t\t\t\t\t<div class=\"elementor-widget-wrap\">\n\t\t\t\t\t\t<div class=\"elementor-element elementor-element-6816d5c elementor-widget elementor-widget-image\" data-id=\"6816d5c\" data-element_type=\"widget\" data-widget_type=\"image.default\">\n\t\t\t\t<div class=\"elementor-widget-container\">\n\t\t\t\t\t\t\t\t<div class=\"elementor-image\">\n\t\t\t\t\t\t\t\t\t\t\t\t<img decoding=\"async\" src=\"http:\/\/judoclub-tarare.fr\/wp-content\/uploads\/2024\/08\/e8d7d9f1-dd57-4c90-ad91-14ef7459fd89.jpg\" title=\"\" alt=\"\" \/>\t\t\t\t\t\t\t\t\t\t\t\t\t\t<\/div>\n\t\t\t\t\t\t<\/div>\n\t\t\t\t<\/div>\n\t\t\t\t\t\t<\/div>\n\t\t\t\t\t<\/div>\n\t\t<\/div>\n\t\t\t\t\t\t\t\t<\/div>\n\t\t\t\t\t<\/div>\n\t\t<\/section>\n\t\t\t\t\t\t<\/div>\n\t\t\t\t\t\t<\/div>\n\t\t\t\t\t<\/div>\n\t\t","protected":false},"excerpt":{"rendered":"<p>UN MOYEN D&rsquo;ENTRETENIR SON CORPS En France, le ta\u00efso a un potentiel formidable \u00e0 offrir,\u00a0\u00e0 la disposition des judoka et non judoka, des plus jeunes aux plus \u00e2g\u00e9s, pour assouplir [&hellip;]<\/p>\n","protected":false},"author":5,"featured_media":0,"parent":0,"menu_order":0,"comment_status":"closed","ping_status":"closed","template":"","meta":{"_mi_skip_tracking":false,"_exactmetrics_sitenote_active":false,"_exactmetrics_sitenote_note":"","_exactmetrics_sitenote_category":0},"_links":{"self":[{"href":"http:\/\/judoclub-tarare.fr\/index.php\/wp-json\/wp\/v2\/pages\/4671"}],"collection":[{"href":"http:\/\/judoclub-tarare.fr\/index.php\/wp-json\/wp\/v2\/pages"}],"about":[{"href":"http:\/\/judoclub-tarare.fr\/index.php\/wp-json\/wp\/v2\/types\/page"}],"author":[{"embeddable":true,"href":"http:\/\/judoclub-tarare.fr\/index.php\/wp-json\/wp\/v2\/users\/5"}],"replies":[{"embeddable":true,"href":"http:\/\/judoclub-tarare.fr\/index.php\/wp-json\/wp\/v2\/comments?post=4671"}],"version-history":[{"count":53,"href":"http:\/\/judoclub-tarare.fr\/index.php\/wp-json\/wp\/v2\/pages\/4671\/revisions"}],"predecessor-version":[{"id":4951,"href":"http:\/\/judoclub-tarare.fr\/index.php\/wp-json\/wp\/v2\/pages\/4671\/revisions\/4951"}],"wp:attachment":[{"href":"http:\/\/judoclub-tarare.fr\/index.php\/wp-json\/wp\/v2\/media?parent=4671"}],"curies":[{"name":"wp","href":"https:\/\/api.w.org\/{rel}","templated":true}]}}